f 888635.
5, 11, 107, 151
List the prime factors of 233064.
2, 3, 13, 83
What are the prime factors of 617322?
2, 3, 137, 751
List the prime factors of 1928312.
2, 41, 5879
List the prime factors of 83064.
2, 3, 3461
List the prime factors of 22807996.
2, 23, 247913
What are the prime factors of 1609513?
599, 2687
List the prime factors of 5501730.
2, 3, 5, 13, 14107
What are the prime factors of 294376?
2, 31, 1187
List the prime factors of 763436.
2, 17, 103, 109
List the prime factors of 312511.
17, 31, 593
What are the prime factors of 239188?
2, 59797
List the prime factors of 1163648.
2, 9091
List the prime factors of 142165.
5, 28433
List the prime factors of 2277524.
2, 17, 33493
What are the prime factors of 458503?
41, 53, 211
List the prime factors of 1196869.
1196869
What are the prime factors of 12438056?
2, 1554757
What are the prime factors of 1210503?
3, 7, 59, 977
What are the prime factors of 197493?
3, 65831
List the prime factors of 489918.
2, 3, 11, 13, 571
What are the prime factors of 10577109?
3, 1061, 3323
List the prime factors of 69071.
17, 239
List the prime factors of 866735.
5, 173347
List the prime factors of 5450042.
2, 13, 97, 2161
What are the prime factors of 1072628?
2, 23, 89, 131
What are the prime factors of 1229095?
5, 7, 35117
What are the prime factors of 64842?
2, 3, 101, 107
What are the prime factors of 258093?
3, 11, 79
List the prime factors of 1969190.
2, 5, 196919
What are the prime factors of 99840?
2, 3, 5, 13
List the prime factors of 538008.
2, 3, 29, 773
List the prime factors of 172428.
2, 3, 14369
What are the prime factors of 8506814?
2, 401, 10607
List the prime factors of 887015.
5, 19, 9337
List the prime factors of 14924734.
2, 11, 29, 149, 157
List the prime factors of 4529991.
3, 1509997
List the prime factors of 4644525.
3, 5, 61927
List the prime factors of 46895.
5, 83, 113
What are the prime factors of 29343946?
2, 41, 449, 797
List the prime factors of 395636.
2, 98909
What are the prime factors of 8716260?
2, 3, 5, 7, 20753
List the prime factors of 1421472.
2, 3, 13, 17, 67
What are the prime factors of 410480?
2, 5, 7, 733
What are the prime factors of 9205876?
2, 29, 61, 1301
List the prime factors of 1046507.
7, 11, 13591
List the prime factors of 1061684.
2, 13, 17, 1201
List the prime factors of 105131.
13, 8087
What are the prime factors of 22060831?
13, 1213, 1399
List the prime factors of 1487794.
2, 7, 11, 9661
What are the prime factors of 29180?
2, 5, 1459
What are the prime factors of 24264434?
2, 12132217
What are the prime factors of 60599?
7, 11, 787
List the prime factors of 945908.
2, 236477
What are the prime factors of 19755103?
43, 459421
What are the prime factors of 2722334?
2, 47, 28961
List the prime factors of 24271.
13, 1867
What are the prime factors of 3254579?
3254579
What are the prime factors of 12974549?
7, 19, 97553
List the prime factors of 40620.
2, 3, 5, 677
What are the prime factors of 36707343?
3, 181, 67601
List the prime factors of 218355.
3, 5, 14557
What are the prime factors of 837204?
2, 3, 69767
What are the prime factors of 398080?
2, 5, 311
List the prime factors of 8257808.
2, 13, 29, 37
List the prime factors of 308353.
43, 71, 101
What are the prime factors of 227404?
2, 139, 409
What are the prime factors of 3345504?
2, 3, 34849
What are the prime factors of 7041350?
2, 5, 140827
List the prime factors of 514110.
2, 3, 5, 17137
What are the prime factors of 227152?
2, 14197
What are the prime factors of 17752039?
1297, 13687
List the prime factors of 272622.
2, 3, 7, 6491
What are the prime factors of 1065444?
2, 3, 19, 4673
List the prime factors of 8568734.
2, 19, 225493
List the prime factors of 29609048.
2, 7, 223, 2371
What are the prime factors of 100243?
11, 13, 701
List the prime factors of 4030010.
2, 5, 403001
List the prime factors of 4947727.
4947727
List the prime factors of 187324.
2, 46831
List the prime factors of 3752760.
2, 3, 5, 11, 2843
What are the prime factors of 7204573?
109, 157, 421
List the prime factors of 3315357.
3, 17, 31, 233
List the prime factors of 17943343.
11, 353, 4621
List the prime factors of 4275968.
2, 16703
List the prime factors of 236988.
2, 3, 29, 227
What are the prime factors of 605528?
2, 7, 11, 983
List the prime factors of 2921970.
2, 3, 5, 173, 563
What are the prime factors of 611280?
2, 3, 5, 283
List the prime factors of 492580.
2, 5, 11, 2239
What are the prime factors of 464083?
17, 27299
List the prime factors of 25989007.
11, 2362637
What are the prime factors of 10500619?
941, 11159
List the prime factors of 5702021.
13, 17, 25801
What are the prime factors of 4096465?
5, 83, 9871
What are the prime factors of 27543243?
3, 7, 13, 29, 71
What are the prime factors of 16215983?
7, 211, 10979
What are the prime factors of 11380510?
2, 5, 59, 19289
List the prime factors of 4559369.
4559369
List the prime factors of 11884273.
11884273
What are the prime factors of 5791194?
2, 3, 321733
List the prime factors of 18691533.
3, 7, 98897
What are the prime factors of 2542651?
31, 82021
List the prime factors of 399484.
2, 99871
What are the prime factors of 13455758?
2, 6727879
What are the prime factors of 34318481?
1753, 19577
What are the prime factors of 5530323?
3, 367, 5023
What are the prime factors of 1247949?
3, 138661
What are the prime factors of 189428?
2, 23, 29, 71
List the prime factors of 1172822.
2, 7, 83773
List the prime factors of 2543495.
5, 307, 1657
List the prime factors of 26909868.
2, 3, 877, 2557
List the prime factors of 795606.
2, 3, 7, 19, 997
What are the prime factors of 27681560?
2, 5, 41, 16879
List the prime factors of 659274.
2, 3, 7, 11, 1427
List the prime factors of 412570.
2, 5, 41257
What are the prime factors of 1141458?
2, 3, 190243
List the prime factors of 172037.
89, 1933
List the prime factors of 801183.
3, 29, 9209
What are the prime factors of 180497?
180497
List the prime factors of 2718377.
71, 38287
What are the prime factors of 4514991?
3, 13, 115769
What are the prime factors of 8331502?
2, 47, 61, 1453
What are the prime factors of 1161793?
19, 47, 1301
What are the prime factors of 6669360?
2, 3, 5, 59, 157
List the prime factors of 544256.
2, 1063
What are the prime factors of 25193083?
29, 868727
What are the prime factors of 352430?
2, 5, 13, 2711
List the prime factors of 211704.
2, 3, 8821
What are the prime factors of 527648?
2, 11, 1499
What are the prime factors of 88874?
2, 37, 1201
What are the prime factors of 549313?
549313
What are the prime factors of 3598933?
13, 101, 2741
List the prime factors of 21872583.
3, 29, 181, 463
List the prime factors of 4057225.
5, 162289
What are the prime factors of 1003368?
2, 3, 97, 431
What are the prime factors of 3256662?
2, 3, 23, 23599
What are the prime factors of 211210?
2, 5, 21121
List the prime factors of 17384894.
2, 37, 234931
What are the prime factors of 199841?
337, 593
List the prime factors of 1007994.
2, 3, 13, 12923
List the prime factors of 29875444.
2, 31, 197, 1223
List the prime factors of 181841.
11, 61, 271
What are the prime factors of 961030?
2, 5, 7, 13729
What are the prime factors of 52095?
3, 5, 23, 151
List the prime factors of 1145630.
2, 5, 17, 23, 293
What are the prime factors of 7940036?
2, 13, 43, 53, 67
List the prime factors of 3212852.
2, 29, 27697
What are the prime factors of 943241?
13, 37, 53
List the prime factors of 231155.
5, 83, 557
List the prime factors of 614820.
2, 3, 5, 10247
What are the prime factors of 7426151?
7426151
List the prime factors of 6693227.
6693227
What are the prime factors of 701579?
701579
List the prime factors of 13408323.
3, 593, 7537
List the prime factors of 3053952.
2, 3, 11, 241
What are the prime factors of 1873608?
2, 3, 11, 47, 151
What are the prime factors of 1663611?
3, 367, 1511
List the prime factors of 2244755.
5, 19, 23629
What are the prime factors of 1396943?
59, 23677
List the prime factors of 19360644.
2, 3, 167, 9661
What are the prime factors of 3356643?
3, 23, 48647
What are the prime factors of 9146873?
9146873
List the prime factors of 1599.
3, 13, 41
What are the prime factors of 1709565?
3, 5, 11, 13, 797
What are the prime factors of 1867528?
2, 13, 17957
List the p